 + 7. Let y be -2*z + 39 + -5. Suppose -4*h + 256 = 4*o, -h - y = -2*o + 111. What is the units digit of o?
9
Let y be ((-4)/(-2))/(6/657). Suppose z + 165 = 4*z - 3*n, -4*z + 3*n + y = 0. What is the units digit of z?
4
What is the tens digit of -5 - (-18)/(126/363643)?
4
Let k be 78/24 + 4/(-16). Suppose -k*w + 564 = 3*m, 7*m - 2*m + 341 = 2*w. What is the units digit of w?
3
Let d be 3712 + (6 - 6) - 0. Suppose 33*k - 25*k = d. What is the hundreds digit of k?
4
Let z = -22849 + 36487. What is the tens digit of z?
3
Suppose 0 = 38*i - 35*i + 1905. Let v = i - -1238. What is the hundreds digit of v?
6
Let o(k) = 2*k**2 - 25*k + 9. Let l(q) = -q**3 - 13*q**2 - 14*q - 12. Let n be l(-12). Let f be o(n). What is the tens digit of ((9/(-6))/f)/(1/186)?
9
What is the units digit of (0 + 31 - -3)/((-15301)/1276 + 12)?
4
Let x = 753 - 751. Let t(h) = 579*h + 90. What is the hundreds digit of t(x)?
2
Let m(x) = -260*x**3 - 2*x**2 - 2. Let y be m(-2). Suppose -168*r = 297*r - 19*r - 4014. Suppose -r*a - 369 = -y. What is the tens digit of a?
8
Let y(f) = 5*f**2 + 38*f + 27. Let v be y(-10). Let r = v - -1159. What is the hundreds digit of r?
3
Suppose 4*z + 13 = 5*x - 0*x, 3*x + 5*z - 30 = 0. Suppose -5*m + 188 + 1432 = -x*n, -2 = 2*n. What is the tens digit of m?
2
Let n(l) = 6 - 6 + 2 - 6*l + 1 + 14. Let t = 4 + -12. What is the tens digit of n(t)?
6
Suppose -149*l + 2991151 = -5*l + 628687. What is the units digit of l?
6
Suppose -2*c + 223030 = 4*c - 4*n, 4*n = -4*c + 148640. What is the ten thousands digit of c?
3
Suppose 4*r = 2*r + 34. Let n = 45 - 27. Let c = r + n. What is the tens digit of c?
3
Let y = -295 + 297. What is the units digit of -4 - y - -9 - -955?
8
Let p(c) = -c**3 - c**2 - c + 2. Let k be p(-2). Suppose -37 = -k*v + 75. What is the units digit of ((-329)/v)/(2/(-4))?
7
What is the tens digit of (5 + (-40568)/(-24))/((-2)/(-15)) - 7?
0
What is the units digit of (108/30)/((-34)/(-20655))?
7
Let q = 39102 - 17026. What is the thousands digit of q?
2
Let j = 1176 - 656. Suppose 3*g + 1654 = j. Let p = -136 - g. What is the hundreds digit of p?
2
Suppose 48 = -s + 50. Let d(l) = -3 - 7*l + 4*l**3 - 5*l**3 + 0*l**3 - 7*l**s + 10. What is the units digit of d(-7)?
6
Let k(j) = -194*j - 10424. What is the hundreds digit of k(-76)?
3
Suppose 0 = k + 22*v - 17*v - 72070, -3*k - 3*v + 216270 = 0. What is the hundreds digit of k?
0
Let s = 18633 + -9099. What is the units digit of s?
4
Let r = 103354 + -60306. What is the tens digit of r?
4
Let u(m) = -284*m**2 + 5*m - 7. Let c be u(4). Let t = -2935 - c. Suppose 5*r - 12*r = -t. What is the hundreds digit of r?
2
Let i(a) be the first derivative of 63*a**2 - 48*a + 143. What is the hundreds digit of i(4)?
4
Let v = 17 + -38. Let a = v + 30. What is the units digit of 158/2 + a/(-3) + 0?
6
Suppose -44*b = -40*b - 65072. Suppose -15*r - 3068 = -b. What is the hundreds digit of r?
8
Suppose -3*f - 4*a = -124999 - 62741, -62588 = -f - 4*a. What is the ten thousands digit of f?
6
Let p = 342 - 361. What is the units digit of (-10372)/p + (-28)/(-266)?
6
Let n(t) = t**3 - 12*t**2 - 35*t + 13. What is the tens digit of n(24)?
8
What is the ten thousands digit of ((-10)/(-50))/(-1) + (-109521)/(-5)?
2
Suppose -6*v + 7*v + 3*h + 5 = 0, 28 = 4*v - 4*h. Suppose 4*k + 8 = v*b, -4*k - 22 = -b + 4*b. What is the units digit of (54/15 + b)/(2/95)?
6
What is the tens digit of (-1108)/6*6*204/(-48)?
0
Let o be -12*(11/6 + -2). Suppose o*x = 2*r - 654, 6*r - 4*x = 9*r - 995. What is the hundreds digit of r?
3
What is the ten thousands digit of (-13 - -3) + 16 - -38110?
3
Suppose -2*b - 773 = 253. Let s be (3 - b)*2/4. Suppose 2*i + 4*w = s, w - 141 = -i + 5*w. What is the tens digit of i?
3
Let o(p) = -12*p**3 + 4*p**2 - 36*p + 9. Let d(n) = -8*n**3 + 3*n**2 - 23*n + 6. Let a(h) = -8*d(h) + 5*o(h). What is the units digit of a(5)?
7
Let a = -23199 + 48029. What is the thousands digit of a?
4
Let b(v) = 21 + 8 - 34*v + 11*v. Let q(k) = -7*k**2 + 22*k + 19. Let f be q(4). What is the tens digit of b(f)?
4
Let k(w) = 2*w**3 + w**3 + 5 - 3*w**3 + 8*w**2 - 10*w + w**3. Let s be k(-9). Let g = s - -50. What is the units digit of g?
4
Let l be (7/((-14)/8) - -9)*1. Suppose -l*o + 3699 = 844. What is the hundreds digit of o?
5
Suppose 89*i - 543648 = 41*i. What is the ten thousands digit of i?
1
Let r = 51 + 70. Let p = r + 14. Suppose 4*b - 217 - p = 0. What is the tens digit of b?
8
Let s = 4620 - -4108. What is the hundreds digit of s?
7
Suppose -29*o + 394955 - 92862 = 0. What is the tens digit of o?
1
Let v(d) = 78*d**2 + 3*d - 4. Suppose -c + 0 - 4 = 0, c = 2*n + 36. Let r = -19 - n. What is the tens digit of v(r)?
7
Let t be ((-15)/(-2))/(3/2). Suppose 3*r - 7 = -4*w, 4*r - t*r + 3*w - 2 = 0. Let v(i) = 67*i**3 + i. What is the tens digit of v(r)?
6
Let y(u) = 6359*u**2 - 2*u - 10. What is the tens digit of y(-1)?
5
Let z(h) = -17*h**2 + 89*h + 63. Let o(v) = 8*v**2 - 44*v - 32. Let c(y) = 13*o(y) + 6*z(y). What is the tens digit of c(28)?
6
Suppose 42*j + 27683 = 71111. Let b = 2440 - j. What is the hundreds digit of b?
4
Let a = -52792 - -92456. What is the units digit of a?
4
Let o(i) be the first derivative of 44*i**3/3 + 3*i**2 + 6*i - 7490. Suppose -3*r - 5*c = 2 - 16, 0 = -3*c + 12. What is the units digit of o(r)?
0
Suppose u = c + 30, -10*c + 90 = -13*c - 3*u. What is the units digit of (16/(-10))/(4/c)?
2
Suppose 2*p + 13 = -111. Let v be 3 + 3/6*p. What is the tens digit of (v/(-6) - -2)*18/5?
2
Suppose -5*g + 4*g + 49250 = 3*c, 2*g + 14 = 0. What is the units digit of c?
9
Let s be 9/(4/(16/6)) + 2. Suppose -l + 5*f - 10 = -0, -4*f = -l - s. Suppose l*o = o + 3*t - 28, 3*t - 148 = -4*o. What is the tens digit of o?
4
Suppose 5*j + 8 = -2, k + 3*j - 1764 = 0. Suppose -6*a = -12*a + k. What is the units digit of a?
5
Let l = -3 - 0. Let y = l - -8. Suppose y*t + 4*g - 700 = 0, -g = -2*t - 0*g + 293. What is the hundreds digit of t?
1
Suppose -8434008 = -463*w + 15907291. What is the units digit of w?
3
What is the hundreds digit of (242 - -40465) + -20 + 2?
6
Let m = -66 + 95. Suppose -3*t = -4*s - 12, 8*t - s = 4*t + m. What is the units digit of (36/t)/(-9)*-356?
8
Suppose 6*v - 11*v - 3*g = -4728, -8*v - 2*g + 7590 = 0. What is the units digit of v?
1
Let o(l) = -10*l**3 - 8*l**2 - 15*l - 51. Let t be o(-5). Suppose -t - 28 = -2*f. What is the hundreds digit of f?
5
Let v be 4/4 + (0 - 0) - -3. Suppose 4*c = v*s, -c - 20 = -s - 5*c. Suppose 0 = -2*i + s*i - 208. What is the units digit of i?
4
Let j(s) = 87*s**2 + 70*s + 45. What is the units digit of j(10)?
5
Let f(l) = 4*l**3 - 7*l**2 + 2. Let a(y) = -3*y**3 + 6*y**2 - 1. Let t(b) = -5*a(b) - 4*f(b). Let s be t(6). What is the tens digit of (4/6)/((-2)/s)?
9
Let x = 809 + 174. Suppose 0 = 2*l + 3*g - 1 - 24, 4*g - 20 = 0. Suppose -193 = l*a - x. What is the tens digit of a?
5
Let y = -384 + 384. Suppose r - 297 - 631 = y. What is the units digit of r?
8
Suppose -8*c + 5*c + 2*j = -1800, 5*c = -2*j + 3016. Let h = c + -329. What is the hundreds digit of h?
2
Let w be (-5)/2*(-42)/(-35) + 12. Suppose -6*q + w*q = 0. Suppose x + 2*m - 104 = q, -3*m - 89 = -x - 0*m. What is the tens digit of x?
9
Let h(r) = r - 14. Let k be h(4). Let i be -1 + 1 + -2 + k. Let z(j) = -j + 25. What is the tens digit of z(i)?
3
Let x(p) = 6 - p - p - 2*p. Let c be (13 - 40/3) + 164/(-12). What is the units digit of x(c)?
2
Let y be (-110)/20 - (-1)/(-2). Let n be (0 + -12)/(y/220). Suppose 0*a - 4*a = -n. What is the units digit of a?
0
Let j = -47 + 50. Suppose -10 = -j*o + 23. Suppose -o*v + 15*v = 100. What is the units digit of v?
5
Let d(g) = 36*g**3 - g**2 - 4*g - 1. Let b be (6 + -3)*2 - (3 - -1). What is the hundreds digit of d(b)?
2
Let p(i) = 7*i**3 - 3*i**2 + 10*i + 21. Let o be p(-3). What is the tens digit of o/(3/(-1 + -8))?
7
Let c be 14/35 + -4*2/(-5). Let v = 149 + -138. Suppose -c*q + v = -11. What is the tens digit of q?
1
Let n = -4187 - -20340. What is the ten thousands digit of n?
1
Suppose -635911 = -33*a + 1078538. What is the thousands digit of a?
1
Suppose 4*i + 76 = -5*s, 0*i - 104 = 5*i + 4*s. Let b be 2/(i/3) - 185/(-20). Suppose b*l = -87 + 564. What is the units digit of l?
3
Let v(b) be the first derivative of b**4/4 - 7*b**3 